{"id":27,"date":"2016-10-22T20:35:13","date_gmt":"2016-10-22T18:35:13","guid":{"rendered":"http:\/\/www.sebastien-duchene.fr\/?page_id=27"},"modified":"2026-02-20T20:06:36","modified_gmt":"2026-02-20T19:06:36","slug":"home","status":"publish","type":"page","link":"https:\/\/www.sebastien-duchene.fr\/","title":{"rendered":"Home"},"content":{"rendered":"<div style=\"width:100%; max-width:1200px; margin:0 auto; padding:0 20px; box-sizing:border-box;\">\n<div style=\"text-align:center; margin-bottom:30px;\">\n    <img decoding=\"async\" src=\"http:\/\/www.sebastien-duchene.fr\/wp-content\/uploads\/2023\/11\/20230901GIL6970-1-683x1024.jpg\"\n         alt=\"S\u00e9bastien Duch\u00eane\"\n         style=\"max-width:400px; height:auto;\">\n  <\/div>\n<p><!-- HIRING ANNOUNCEMENT --><\/p>\n<div style=\"\n    background:#f4f7ff;\n    border-left:6px solid #0033cc;\n    padding:18px 20px;\n    margin:30px 0 50px 0;\n    line-height:1.3;\n    font-size:17px;\n\"><\/p>\n<div style=\"color:#0033cc; font-weight:600; margin-bottom:6px;\">\n    We are hiring a PhD student! Join our team!\n  <\/div>\n<div style=\"color:#333;\">\n    at the intersection of <strong>Philosophy<\/strong> and <strong>Experimental Economics<\/strong>.\n  <\/div>\n<div style=\"margin-top:6px;\">\n    <a href=\"https:\/\/philo.labo.univ-poitiers.fr\/wp-content\/uploads\/sites\/324\/2026\/02\/Call-Doctoral-position-Poitiers.pdf\"\n       target=\"_blank\"\n       style=\"color:#0033cc; font-weight:600; text-decoration:none;\"><br \/>\n       View the call for applications \u2192<br \/>\n    <\/a>\n  <\/div>\n<\/div>\n<p>  <!-- ENGLISH --><\/p>\n<section style=\"margin-bottom:60px; color:#800080;\">\n<h2 style=\"margin-bottom:20px;\">Current Situation<\/h2>\n<p>\n      With a PhD in economics and finance since 2017 and qualified to supervise research since 2021 (HDR), I am currently an associate professor at MBS School of Business.<br \/>\n      I am also associate researcher at the CEE-M (the Center for Environmental Economics-Montpellier).\n    <\/p>\n<p>\n      I co-founded in 2020 the <strong>University Diploma in Green Finance<\/strong> at the University of Montpellier, (a first in France) in partnership with CIC Sud Ouest bank.\n    <\/p>\n<p>\n      I developed a research collaboration on CSR and green finance issues with Cr\u00e9dit Agricole Languedoc, Amundi, CIC Sud Ouest and Enerfip.\n    <\/p>\n<p><strong>My research interests:<\/strong><\/p>\n<p>\n      Environmental finance, socially responsible finance, behavioral and experimental economics, economics and ethics, experimental finance, collective choices and inequality, health, bounded rationality.\n    <\/p>\n<p><strong>Methodologies used:<\/strong><\/p>\n<p>\n      Experimental economics in the laboratory and in the field, econometrics of experimental data, philosophy of economics, theory.\n    <\/p>\n<p>\n      I am principal investigator of several projects (see my CV).\n    <\/p>\n<h3 style=\"margin-top:25px;\">Contact me<\/h3>\n<p>s.duchene@mbs-education.com<\/p>\n<\/section>\n<p>  <!-- FRENCH --><\/p>\n<section style=\"color:#0033cc;\">\n<h2 style=\"margin-bottom:20px;\">Situation actuelle<\/h2>\n<p>\n      Docteur en sciences \u00e9conomiques et finance (2017) et habilit\u00e9 \u00e0 diriger des recherches depuis 2021 (HDR), je suis actuellement professeur associ\u00e9 \u00e0 MBS School of Business et suis \u00e9galement chercheur associ\u00e9 au CEE-M (Center for Environmental Economics-Montpellier).\n    <\/p>\n<p>\n      J&rsquo;ai co-fond\u00e9 en 2020 le <strong>Dipl\u00f4me Universitaire de Finance Verte<\/strong> de l&rsquo;Universit\u00e9 de Montpellier, (une premi\u00e8re en France) en partenariat avec la banque CIC Sud Ouest.\n    <\/p>\n<p>\n      J&rsquo;ai d\u00e9velopp\u00e9 des collaborations de recherche sur les questions RSE et de finance verte avec le Cr\u00e9dit Agricole Languedoc, Amundi, le CIC Sud Ouest et Enerfip.\n    <\/p>\n<p><strong>Mes domaines de recherche :<\/strong><\/p>\n<p>\n      Finance environnementale, investissement socialement responsable, \u00e9conomie comportementale et exp\u00e9rimentale, \u00e9conomie et \u00e9thique, finance exp\u00e9rimentale, choix collectifs et in\u00e9galit\u00e9, sant\u00e9, irrationalit\u00e9 des individus.\n    <\/p>\n<p><strong>M\u00e9thodologies utilis\u00e9es :<\/strong><\/p>\n<p>\n      \u00c9conomie exp\u00e9rimentale en laboratoire et sur le terrain, \u00e9conom\u00e9trie des donn\u00e9es exp\u00e9rimentales, philosophie de l\u2019\u00e9conomie, th\u00e9orie.\n    <\/p>\n<p>\n      Je suis investigateur principal de plusieurs projets (cf. CV).\n    <\/p>\n<h3 style=\"margin-top:25px;\">Me contacter<\/h3>\n<p>s.duchene@mbs-education.com<\/p>\n<\/section>\n<\/div>\n","protected":false},"excerpt":{"rendered":"<p>We are hiring a PhD student! Join our team! at the intersection of Philosophy and Experimental Economics. View the call for applications \u2192 Current Situation With a PhD in economics and finance since 2017 and qualified to supervise research since 2021 (HDR), I am currently an associate professor at MBS School of Business. I am [&hellip;]<\/p>\n","protected":false},"author":1,"featured_media":0,"parent":0,"menu_order":0,"comment_status":"closed","ping_status":"closed","template":"","meta":{"footnotes":""},"class_list":["post-27","page","type-page","status-publish","hentry"],"_links":{"self":[{"href":"https:\/\/www.sebastien-duchene.fr\/index.php\/wp-json\/wp\/v2\/pages\/27","targetHints":{"allow":["GET"]}}],"collection":[{"href":"https:\/\/www.sebastien-duchene.fr\/index.php\/wp-json\/wp\/v2\/pages"}],"about":[{"href":"https:\/\/www.sebastien-duchene.fr\/index.php\/wp-json\/wp\/v2\/types\/page"}],"author":[{"embeddable":true,"href":"https:\/\/www.sebastien-duchene.fr\/index.php\/wp-json\/wp\/v2\/users\/1"}],"replies":[{"embeddable":true,"href":"https:\/\/www.sebastien-duchene.fr\/index.php\/wp-json\/wp\/v2\/comments?post=27"}],"version-history":[{"count":193,"href":"https:\/\/www.sebastien-duchene.fr\/index.php\/wp-json\/wp\/v2\/pages\/27\/revisions"}],"predecessor-version":[{"id":950,"href":"https:\/\/www.sebastien-duchene.fr\/index.php\/wp-json\/wp\/v2\/pages\/27\/revisions\/950"}],"wp:attachment":[{"href":"https:\/\/www.sebastien-duchene.fr\/index.php\/wp-json\/wp\/v2\/media?parent=27"}],"curies":[{"name":"wp","href":"https:\/\/api.w.org\/{rel}","templated":true}]}}